{"id":301,"date":"2021-09-07T12:26:35","date_gmt":"2021-09-07T12:26:35","guid":{"rendered":"https:\/\/www.examode.eu\/compay2021\/?page_id=301"},"modified":"2025-03-25T21:33:07","modified_gmt":"2025-03-25T21:33:07","slug":"program-2","status":"publish","type":"page","link":"https:\/\/www.examode.eu\/compay2021\/program-2\/","title":{"rendered":"Program"},"content":{"rendered":"\n<div class=\"wp-block-columns alignwide is-layout-flex wp-container-core-columns-is-layout-9d6595d7 wp-block-columns-is-layout-flex\">\n<div class=\"wp-block-column is-layout-flow wp-block-column-is-layout-flow\" style=\"flex-basis:100%\">\n<p class=\"has-text-align-left\">Feel free to send questions to the speakers via the following links: <a href=\"https:\/\/forms.gle\/nrdm5Vs61UH6djS8A\" target=\"_blank\" rel=\"noreferrer noopener\">oral session questions<\/a>, <a href=\"https:\/\/forms.gle\/2VhmGKBtE9ssri8s9\" target=\"_blank\" rel=\"noreferrer noopener\">panel discussion questions<\/a><\/p>\n\n\n\n<p><a href=\"http:\/\/proceedings.mlr.press\/v156\/\">The full proceedings of COMPAY 2021 are available as Proceedings of Machine Learning Research<\/a><\/p>\n<\/div>\n<\/div>\n\n\n\n<div class=\"wp-block-columns alignwide is-layout-flex wp-container-core-columns-is-layout-9d6595d7 wp-block-columns-is-layout-flex\">\n<div class=\"wp-block-column is-layout-flow wp-block-column-is-layout-flow\" style=\"flex-basis:100%\">\n<p>Time zone: UCT<\/p>\n<\/div>\n<\/div>\n\n\n\n<p><\/p>\n\n\n\n<figure class=\"wp-block-table alignwide is-style-stripes\"><table class=\"has-black-color has-white-background-color has-text-color has-background\"><tbody><tr><td>9:00<\/td><td>Opening<\/td><td><\/td><\/tr><tr><td>&nbsp;<\/td><td><strong>SESSION 1<\/strong> &#8211; Chair: Henning M\u00fcller<\/td><td>&nbsp;<\/td><\/tr><tr><td>9:10<\/td><td><span style=\"text-decoration: underline;\">Keynote presentation<\/span><\/td><td><\/td><\/tr><tr><td><\/td><td><strong>AI in pathology: promise and potential<\/strong> <br><em>Monika Lamba Saini (CellCarta, Belgium)<\/em> <em>\u00a0<\/em><br><br><br><\/td><td><\/td><\/tr><tr><td>9:40<\/td><td><span style=\"text-decoration: underline;\">Oral presentations<\/span><\/td><td><\/td><\/tr><tr><td><\/td><td><strong><a href=\"https:\/\/proceedings.mlr.press\/v156\/hamidinekoo21a\/hamidinekoo21a.pdf\" target=\"_blank\" rel=\"noreferrer noopener\">Automated Quantification Of Blood Microvessels In Hematoxylin And Eosin Whole Slide Images<\/a><\/strong><br><em>Azam Hamidinekoo, Anna Kelsey, Nicholas Trahearn, Joanna Selfe, Janet Shipley, Yinyin Yuan<\/em><br><br><strong><a href=\"https:\/\/proceedings.mlr.press\/v156\/jaume21a\/jaume21a.pdf\" target=\"_blank\" rel=\"noreferrer noopener\">HistoCartography: A Toolkit for Graph Analytics in Digital Pathology<\/a><\/strong><br><em>Guillaume Jaume, Pushpak Pati, Valentin Anklin, Antonio Foncubierta, Maria Gabrani<\/em><br><br><strong><a href=\"https:\/\/proceedings.mlr.press\/v156\/hohne21a\/hohne21a.pdf\" target=\"_blank\" rel=\"noreferrer noopener\">Detecting genetic alterations in BRAF and NTRK as oncogenic drivers in digital pathology images: towards model generalization within and across multiple thyroid cohorts<\/a><\/strong><br><em>Johannes H\u00f6hne, Jacob de Zoete, Arndt A Schmitz, Tricia Bal, Emmanuelle di Tomaso, Matthias Lenga<\/em><\/td><td><\/td><\/tr><tr><td>10:10<\/td><td><span style=\"text-decoration: underline;\">Q\/A session oral presentations<\/span><\/td><td><\/td><\/tr><tr><td>10:25<\/td><td><span style=\"text-decoration: underline;\">Software demo pitches<\/span><\/td><td><\/td><\/tr><tr><td><\/td><td><strong><a href=\"https:\/\/www.sciencedirect.com\/science\/article\/pii\/S1361841520302541\/pdfft?isDTMRedir=true&amp;download=true\" target=\"_blank\" rel=\"noreferrer noopener\">A practical guide to using HookNet<\/a><\/strong><br><em>Mart van Rijthoven <\/em>&nbsp; <br><br><strong><a href=\"https:\/\/youtu.be\/pZfCV0ZVA5M\" target=\"_blank\" rel=\"noreferrer noopener\">Stainlib: a python library for augmentation and normalization of histopathology H&amp;E images<\/a><\/strong><br><em>Niccol\u00f2 Marini&nbsp;<\/em> <br><br><strong><a href=\"https:\/\/www.youtube.com\/watch?v=v9BnmiF1HxU\u200b\" target=\"_blank\" rel=\"noreferrer noopener\">Multi_Scale_Tools: a python library to exploit multi-scale whole slide images<\/a><\/strong><br><em>Niccol\u00f2 Marini<\/em><br><br><strong><a href=\"https:\/\/www.youtube.com\/watch?v=J34_lSZn-CM\" target=\"_blank\" rel=\"noreferrer noopener\">QuickAnnotator <\/a><\/strong><br><em>Andrew Janowczyk<\/em><br><\/td><td><\/td><\/tr><tr><td>&nbsp;10:35<\/td><td><span style=\"text-decoration: underline;\">Poster &amp; software demo session #1<\/span><\/td><td>&nbsp;<\/td><\/tr><tr><td><\/td><td><span style=\"text-decoration: underline;\">Posters<\/span><br><strong><a href=\"https:\/\/proceedings.mlr.press\/v156\/hamidinekoo21a\/hamidinekoo21a.pdf\">Autom<\/a><a href=\"https:\/\/proceedings.mlr.press\/v156\/hamidinekoo21a\/hamidinekoo21a.pdf\" target=\"_blank\" rel=\"noreferrer noopener\">ated Quantification Of Blood Microvessels In Hematoxylin And Eosin Whole Slide Images<\/a><\/strong><br><em>Azam Hamidinekoo, Anna Kelsey, Nicholas Trahearn, Joanna Selfe, Janet Shipley, Yinyin Yuan<\/em><br><em>&nbsp;<\/em><br><strong><a href=\"https:\/\/proceedings.mlr.press\/v156\/jaume21a\/jaume21a.pdf\">HistoCartograph<\/a><a href=\"https:\/\/proceedings.mlr.press\/v156\/jaume21a\/jaume21a.pdf\" target=\"_blank\" rel=\"noreferrer noopener\">y<\/a>: A Toolkit for Graph Analytics in Digital Pathology<\/strong><br><em>Guillaume Jaume, Pushpak Pati, Valentin Anklin, Antonio Foncubierta, Maria Gabrani<\/em><br><em>&nbsp;<\/em><br><strong><a href=\"https:\/\/proceedings.mlr.press\/v156\/hohne21a\/hohne21a.pdf\">Detecting geneti<\/a><a href=\"https:\/\/proceedings.mlr.press\/v156\/hohne21a\/hohne21a.pdf\" target=\"_blank\" rel=\"noreferrer noopener\">c alterations in BRAF and NTRK as oncogenic drivers in digital pathology images: towards model generalization within and across multiple thyroid cohorts<\/a><\/strong><br><em>Johannes H\u00f6hne, Jacob de Zoete, Arndt A Schmitz, Tricia Bal, Emmanuelle di Tomaso, Matthias Lenga<\/em><br>&nbsp;<br><strong><a href=\"https:\/\/proceedings.mlr.press\/v156\/butke21a\/butke21a.pdf\" target=\"_blank\" rel=\"noreferrer noopener\">End-to-end Multiple Instance Learning for Whole-Slide Cytopathology of Urothelial Carcinoma<\/a><\/strong><br><em>Joshua Butke, Tatjana Frick, Florian Roghmann, Samir El-Mashtoly, Klaus Gerwert, Axel Mosig<\/em><br>&nbsp;<br><strong><a href=\"https:\/\/proceedings.mlr.press\/v156\/tourniaire21a\/tourniaire21a.pdf\" target=\"_blank\" rel=\"noreferrer noopener\">Attention-based Multiple Instance Learning with Mixed Supervision on the Camelyon16 Dataset<\/a><\/strong><br><em>Paul Tourniaire, Nicholas Ayache, Herv\u00e9 Delingette<\/em><br>&nbsp;<br><strong><a href=\"https:\/\/proceedings.mlr.press\/v156\/xing21a\/xing21a.pdf\" target=\"_blank\" rel=\"noreferrer noopener\">A Multi-scale Graph Network with Multi-head Attention for Histopathology Image Diagnosis<\/a><\/strong><br><em>Xiaodan Xing, Yixin Ma, Lei Jin, Tianyang Sun, Zhong Xue, Feng Shi, Jinsong Wu, Dinggang Shen<\/em><br>&nbsp;<br><strong><a href=\"https:\/\/proceedings.mlr.press\/v156\/li21a\/li21a.pdf\" target=\"_blank\" rel=\"noreferrer noopener\">Unsupervised Domain Adaptation for the Histopathological Cell Segmentation through Self-Ensembling<\/a><\/strong><br><em>Chaoqun Li, Yitian Zhou, Tangqi Shi, Yenan Wu, Meng Yang, Zhongyu Li<\/em><br>&nbsp;<br><strong><a href=\"https:\/\/proceedings.mlr.press\/v156\/guerendel21a\/guerendel21a.pdf\" target=\"_blank\" rel=\"noreferrer noopener\">Creating small but meaningful representations of digital pathology images<\/a><\/strong><br><em>Corentin Guerendel, Phil Arnold, Benjamin Torben-Nielsen<\/em><br>&nbsp;<br><strong><a href=\"https:\/\/proceedings.mlr.press\/v156\/abbasi-sureshjani21a\/abbasi-sureshjani21a.pdf\" target=\"_blank\" rel=\"noreferrer noopener\">Molecular Subtype Prediction for Breast Cancer Using H&amp;E Specialized Backbone<\/a><\/strong><br><em>Samaneh Abbasi Sureshjani, Anil Yuce, Simon Till Sch\u00f6nenberger, Maris Skujevskis, Uwe Schalles, Fabien Gaire, Konstanty Korski<\/em><br>&nbsp;<br><strong><a href=\"https:\/\/proceedings.mlr.press\/v156\/lu21a\/lu21a.pdf\" target=\"_blank\" rel=\"noreferrer noopener\">SMILE: Sparse-Attention based Multiple Instance Contrastive Learning for Glioma Sub-type Classification Using Pathological Image<\/a><\/strong><br><em>Mengkang Lu, Yongsheng Pan, Dong Nie, Feng Shi, Feihong Liu, Yong Xia, Dinggang Shen<\/em><br>&nbsp;<br><span style=\"text-decoration: underline;\">Software demos<\/span><br>&nbsp;<strong><a href=\"https:\/\/www.sciencedirect.com\/science\/article\/pii\/S1361841520302541\/pdfft?isDTMRedir=true&amp;download=true\" target=\"_blank\" rel=\"noreferrer noopener\">A practical guide to using HookNet<\/a><\/strong><br><em>Mart van Rijthoven<\/em><br>&nbsp;<br><strong>Stainlib: a python library for augmentation and normalization of histopathology H&amp;E images<\/strong><br><strong><a href=\"https:\/\/www.frontiersin.org\/articles\/10.3389\/fcomp.2021.684521\/pdf\" target=\"_blank\" rel=\"noreferrer noopener\">Multi_Scale_Tools: a python library to exploit multi-scale whole slide images<\/a><\/strong><br><em>Niccol\u00f2 Marini<\/em><\/td><td><\/td><\/tr><tr><td>&nbsp;<\/td><td><\/td><td>&nbsp;<\/td><\/tr><tr><td>&nbsp;<\/td><td><strong>SESSION 2<\/strong> &#8211; Chair: Jeroen van der Laak<\/td><td>&nbsp;<\/td><\/tr><tr><td>11:45<\/td><td><span style=\"text-decoration: underline;\">Keynote presentatio<\/span>n<\/td><td><\/td><\/tr><tr><td><\/td><td><strong>Taking AI to the next level with Data Centric approach in Computational Pathology<\/strong> <br><em>Chen Sagiv (DeePathology.ai, Israel)<\/em><\/td><td><\/td><\/tr><tr><td>12:15<\/td><td><span style=\"text-decoration: underline;\">Oral presentations<\/span><\/td><td><\/td><\/tr><tr><td><\/td><td><strong><a href=\"https:\/\/proceedings.mlr.press\/v156\/lerousseau21a\/lerousseau21a.pdf\" target=\"_blank\" rel=\"noreferrer noopener\">SparseConvMIL: Sparse Convolutional Context-Aware Multiple Instance Learning for Whole Slide Image Classification<\/a><\/strong><br><em>Marvin Lerousseau, Maria Vakalopoulou, Eric Deutsch, Nikos Paragios<\/em><br><em>&nbsp;<\/em><br><a href=\"https:\/\/proceedings.mlr.press\/v156\/afshin21a\/afshin21a.pdf\" target=\"_blank\" rel=\"noreferrer noopener\"><strong>Multi-scale Regional Attention Deeplab3+: Multiple Myeloma Plasma Cells Segmentation in Microscopic Images<\/strong><br><em>Afshin Bozorgpour, Reza Azad, Eman Showkatian, Alaa Sulaiman<\/em><\/a><br><em>&nbsp;<\/em><br><strong><a href=\"https:\/\/proceedings.mlr.press\/v156\/zhang21a\/zhang21a.pdf\" target=\"_blank\" rel=\"noreferrer noopener\">Symmetric Dense Inception Network for Simultaneous Cell Detection and Classification in Multiplex Immunohistochemistry Images<\/a><\/strong><br><em>Hanyun Zhang, Tami Grunewald, Ayse U. Akarca, Teresa Marafioti, Jonathan A. Ledermann, Yinyin Yuan<\/em><\/td><td><\/td><\/tr><tr><td>12:45<\/td><td><span style=\"text-decoration: underline;\">Q\/A session oral presentations<\/span><\/td><td><\/td><\/tr><tr><td>13:00<\/td><td><span style=\"text-decoration: underline;\">Lunch break<\/span><\/td><td><\/td><\/tr><tr><td>&nbsp;<\/td><td>&nbsp;<\/td><td>&nbsp;<\/td><\/tr><tr><td>&nbsp;<\/td><td><strong>SESSION 3<\/strong> &#8211; Chair: Mitko Veta<\/td><td>&nbsp;<\/td><\/tr><tr><td>14:00<\/td><td><span style=\"text-decoration: underline;\">Keynote presentation<\/span><\/td><td><\/td><\/tr><tr><td><\/td><td><strong>Data-efficient and multimodal computational pathology<\/strong> <br><em>Faisal Mahmood (Harvard Medical School) &nbsp;<\/em><\/td><td><\/td><\/tr><tr><td>14:30<\/td><td><span style=\"text-decoration: underline;\">Oral presentations<\/span><\/td><td><\/td><\/tr><tr><td><\/td><td><strong><a href=\"https:\/\/proceedings.mlr.press\/v156\/saillard21a\/saillard21a.pdf\">Self supervised learning improves dMMR\/MSI detectio<\/a><a href=\"https:\/\/proceedings.mlr.press\/v156\/saillard21a\/saillard21a.pdf\" target=\"_blank\" rel=\"noreferrer noopener\">n from histology slides across multiple cancers<\/a><\/strong><br><em>Charlie Saillard, Olivier Dehaene, Tanguy Marchand, Olivier Moindrot, Aur\u00e9lie Kamoun, Benoit Schmauch, Simon Jegou<\/em><br>&nbsp;<br><strong><a href=\"https:\/\/proceedings.mlr.press\/v156\/ganz21a\/ganz21a.pdf\" target=\"_blank\" rel=\"noreferrer noopener\">Automatic and explainable grading of meningiomas from histopathology images<\/a><\/strong><br><em>Jonathan Ganz, Tobias Kirsch, Christof Albert Bertram, Christoph Hoffmann, Andreas Maier, Katharina Breininger, Ingmar Bl\u00fcmcke, Samir Jabari, Marc Aubreville<\/em><br>&nbsp;<br><strong><a href=\"https:\/\/proceedings.mlr.press\/v156\/marzahl21a\/marzahl21a.pdf\" target=\"_blank\" rel=\"noreferrer noopener\">Robust quad-tree based registration of whole slide images<\/a><\/strong><br><em>Christian Marzahl, Frauke Wilm, Christine Kr\u00f6ger, Franz F Dressler, Lars Tharun, Sven Perner, Christof Bertram, J\u00f6rn Voigt, Robert Klopfleisch, Andreas Maier, Marc Aubreville, Katharina Breininger<\/em> &nbsp;<\/td><td><\/td><\/tr><tr><td>&nbsp;15:15<\/td><td><span style=\"text-decoration: underline;\">Poster and software demo session #2<\/span><\/td><td>&nbsp;<\/td><\/tr><tr><td><\/td><td><span style=\"text-decoration: underline;\">Posters<br><\/span><strong><a href=\"https:\/\/proceedings.mlr.press\/v156\/lerousseau21a\/lerousseau21a.pdf\">SparseConvMIL<\/a><a href=\"https:\/\/proceedings.mlr.press\/v156\/lerousseau21a\/lerousseau21a.pdf\" target=\"_blank\" rel=\"noreferrer noopener\">: Sparse Convolutional Context-Aware Multiple Instance Learning for Whole Slide Image Classification<\/a><\/strong><br><em>Marvin Lerousseau, Maria Vakalopoulou, Eric Deutsch, Nikos Paragios<\/em><br><em>&nbsp;<\/em><br><strong><a href=\"https:\/\/proceedings.mlr.press\/v156\/afshin21a\/afshin21a.pdf\" target=\"_blank\" rel=\"noreferrer noopener\">Multi-scale Regional Attention Deeplab3+: Multiple Myeloma Plasma Cells Segmentation in Microscopic Images<\/a><\/strong><br><em>Afshin Bozorgpour, Reza Azad, Eman Showkatian, Alaa Sulaiman<\/em><br><em>&nbsp;<\/em><br><strong><a href=\"https:\/\/proceedings.mlr.press\/v156\/zhang21a\/zhang21a.pdf\" target=\"_blank\" rel=\"noreferrer noopener\">Symmetric Dense Inception Network for Simultaneous Cell Detection and Classification in Multiplex Immunohistochemistry Images<\/a><\/strong><br><em>Hanyun Zhang, Tami Grunewald, Ayse U. Akarca, Teresa Marafioti, Jonathan A. Ledermann, Yinyin Yuan<\/em><br><em>&nbsp;<\/em><br><strong><strong><a href=\"https:\/\/proceedings.mlr.press\/v156\/saillard21a\/saillard21a.pdf\">Self supervised learning improves dMMR\/MSI detectio<\/a><a href=\"https:\/\/proceedings.mlr.press\/v156\/saillard21a\/saillard21a.pdf\" target=\"_blank\" rel=\"noreferrer noopener\">n from histology slides across multiple cancers<\/a><\/strong><\/strong><br><em>Charlie Saillard, Olivier Dehaene, Tanguy Marchand, Olivier Moindrot, Aur\u00e9lie Kamoun, Benoit Schmauch, Simon Jegou<\/em><br>&nbsp;<br><strong><strong><a href=\"https:\/\/proceedings.mlr.press\/v156\/ganz21a\/ganz21a.pdf\" target=\"_blank\" rel=\"noreferrer noopener\">Automatic and explainable grading of meningiomas from histopathology images<\/a><\/strong><\/strong><br><em>Jonathan Ganz, Tobias Kirsch, Christof Albert Bertram, Christoph Hoffmann, Andreas Maier, Katharina Breininger, Ingmar Bl\u00fcmcke, Samir Jabari, Marc Aubreville<\/em><br>&nbsp;<br><strong><strong><a href=\"https:\/\/proceedings.mlr.press\/v156\/marzahl21a\/marzahl21a.pdf\" target=\"_blank\" rel=\"noreferrer noopener\">Robust quad-tree based registration of whole slide images<\/a><\/strong><\/strong><br><em>Christian Marzahl, Frauke Wilm, Christine Kr\u00f6ger, Franz F Dressler, Lars Tharun, Sven Perner, Christof Bertram, J\u00f6rn Voigt, Robert Klopfleisch, Andreas Maier, Marc Aubreville, Katharina Breininger<\/em><br>&nbsp;<br><strong><a href=\"https:\/\/proceedings.mlr.press\/v156\/marini21a\/marini21a.pdf\" target=\"_blank\" rel=\"noreferrer noopener\">Multi-Scale Task Multiple Instance Learning for the Classification of Digital Pathology Images with Global Annotations<\/a><\/strong><br><em>Niccol\u00f2 Marini, Sebastian Ot\u00e1lora, Francesco Ciompi, Gianmaria Silvello, Stefano Marchesin, Simona Vatrano, Gianziana Buttafuoco, Manfredo Atzori, Henning M\u00fcller<\/em><br>&nbsp;<br><strong><a href=\"https:\/\/proceedings.mlr.press\/v156\/bancher21a\/bancher21a.pdf\" target=\"_blank\" rel=\"noreferrer noopener\">Improving Mask R-CNN for Nuclei Instance Segmentation in Hematoxylin &amp; Eosin-Stained Histological Images<\/a><\/strong><br><em>Benjamin Bancher, Amirreza Mahbod, Isabella Ellinger, Rupert Ecker, Georg Dorffner<\/em><br>&nbsp;<br><strong><a href=\"https:\/\/proceedings.mlr.press\/v156\/bao21a\/bao21a.pdf\" target=\"_blank\" rel=\"noreferrer noopener\">Random Multi-Channel Image Synthesis for Multiplexed Immunofluorescence Imaging<\/a><\/strong><br><em>Shunxing Bao, Yucheng Tang, Ho Hin Lee, Riqiang Gao, Sophie Chiron, Ilwoo Lyu, Lori A. Coburn, Keith T. Wilson, Joseph T. Roland, Bennett A. Landman, Yuankai Huo<\/em><br>&nbsp;<br><strong><a href=\"https:\/\/proceedings.mlr.press\/v156\/xu21a\/xu21a.pdf\" target=\"_blank\" rel=\"noreferrer noopener\">An Automatic Nuclei Image Segmentation Based on Multi-Scale Split-Attention U-Net<\/a><\/strong><br><em>Qing Xu, Wenting Duan<\/em><br>&nbsp;<br><strong><a href=\"https:\/\/proceedings.mlr.press\/v156\/leroy21a\/leroy21a.pdf\" target=\"_blank\" rel=\"noreferrer noopener\">Magnetic Resonance Imaging Virtual Histopathology from Weakly Paired Data<\/a><\/strong><br><em>Amaury Leroy, Kumar Shreshtha, Marvin Lerousseau, Th\u00e9ophraste Henry, Th\u00e9o ESTIENNE, Marion Classe, Nikos Paragios, Vincent Gr\u00e9goire, Eric Deutsch<\/em><br>&nbsp;<br><strong><a href=\"https:\/\/proceedings.mlr.press\/v156\/ghaffari-laleh21a\/ghaffari-laleh21a.pdf\" target=\"_blank\" rel=\"noreferrer noopener\">Deep Learning for interpretable end-to-end survival prediction in gastrointestinal cancer histopathology<\/a><\/strong><br><em>Narmin Ghaffari Laleh, Amelie Echle, Hannah Sophie Muti, Katherine Jane Hewitt, Volkmar Schulz, Jakob Nikolas Kather<\/em><br>&nbsp;<br><strong><a href=\"https:\/\/proceedings.mlr.press\/v156\/alghamdia21a\/alghamdia21a.pdf\" target=\"_blank\" rel=\"noreferrer noopener\">A Novel Cell Map Representation for Weakly Supervised Prediction of ER and PR Status from H&amp;E WSIs<\/a><\/strong><br><em>Hammam Alghamdi, Navid Alemi Koohbanani, Nasir Rajpoot, SHAN E AHMED RAZA<\/em><br>&nbsp;<br><span style=\"text-decoration: underline;\">Software demos<\/span><br><strong><a href=\"https:\/\/ascopubs.org\/doi\/pdfdirect\/10.1200\/CCI.18.00157\" target=\"_blank\" rel=\"noreferrer noopener\">HistoQC<\/a><\/strong><br><strong><a href=\"https:\/\/arxiv.org\/pdf\/2101.02183\" target=\"_blank\" rel=\"noreferrer noopener\">QuickAnnotator<\/a><\/strong><br><strong>PatchSorter<\/strong><br><em>Andrew Janowczyk<\/em><\/td><td><\/td><\/tr><tr><td>&nbsp;16:45<\/td><td><strong>PANEL DISCUSSION<\/strong> &#8211; Chairs: Nasir Rajpoot, Francesco Ciompi<\/td><td>&nbsp;<\/td><\/tr><tr><td><\/td><td>Invited panelists:<br>&#8211; Katherine Elfer (FDA) <br>&#8211; Chen Sagiv (DeePathology.ai) <br>&#8211; Roberto Salgado (TIL Working Group) <br>&#8211; Inti Zlobec (University of Bern) <br>&#8211; Faisal Mahmood (Harvard Medical School) <br>&#8211; Monika Lamba Saini (CellCarta)<\/td><td><\/td><\/tr><tr><td>17:45<br>17:55<\/td><td>Organizing team short presentations <br>Awards &amp; closing<\/td><td><\/td><\/tr><\/tbody><\/table><figcaption><meta http-equiv=\"content-type\" content=\"text\/html; charset=utf-8\">Sponsored by      <a href=\"http:\/\/www.examode.eu\/\" target=\"_blank\" rel=\"noreferrer noopener\"><img loading=\"lazy\" decoding=\"async\" width=\"200\" height=\"116\" class=\"wp-image-410\" style=\"width: 200px;\" src=\"https:\/\/www.examode.eu\/compay2021\/wp-content\/uploads\/2021\/11\/Logo_MR.png\" alt=\"\"><\/a><\/figcaption><\/figure>\n","protected":false},"excerpt":{"rendered":"<p>Feel free to send questions to the speakers via the following links: oral session questions, panel discussion questions The full proceedings of COMPAY 2021 are available as Proceedings of Machine Learning Research Time zone: UCT 9:00 Opening &nbsp; SESSION 1 &#8211; Chair: Henning M\u00fcller &nbsp; 9:10 Keynote presentation AI in pathology: promise and potential Monika&hellip; <a class=\"more-link\" href=\"https:\/\/www.examode.eu\/compay2021\/program-2\/\">Continue reading <span class=\"screen-reader-text\">Program<\/span><\/a><\/p>\n","protected":false},"author":2,"featured_media":0,"parent":0,"menu_order":0,"comment_status":"closed","ping_status":"closed","template":"","meta":{"footnotes":""},"class_list":["post-301","page","type-page","status-publish","hentry","entry"],"_links":{"self":[{"href":"https:\/\/www.examode.eu\/compay2021\/wp-json\/wp\/v2\/pages\/301","targetHints":{"allow":["GET"]}}],"collection":[{"href":"https:\/\/www.examode.eu\/compay2021\/wp-json\/wp\/v2\/pages"}],"about":[{"href":"https:\/\/www.examode.eu\/compay2021\/wp-json\/wp\/v2\/types\/page"}],"author":[{"embeddable":true,"href":"https:\/\/www.examode.eu\/compay2021\/wp-json\/wp\/v2\/users\/2"}],"replies":[{"embeddable":true,"href":"https:\/\/www.examode.eu\/compay2021\/wp-json\/wp\/v2\/comments?post=301"}],"version-history":[{"count":66,"href":"https:\/\/www.examode.eu\/compay2021\/wp-json\/wp\/v2\/pages\/301\/revisions"}],"predecessor-version":[{"id":432,"href":"https:\/\/www.examode.eu\/compay2021\/wp-json\/wp\/v2\/pages\/301\/revisions\/432"}],"wp:attachment":[{"href":"https:\/\/www.examode.eu\/compay2021\/wp-json\/wp\/v2\/media?parent=301"}],"curies":[{"name":"wp","href":"https:\/\/api.w.org\/{rel}","templated":true}]}}